{"id":191,"date":"2021-07-05T17:02:40","date_gmt":"2021-07-05T15:02:40","guid":{"rendered":"https:\/\/mondin.innerlight-connection.ch\/?page_id=191"},"modified":"2021-08-01T09:23:08","modified_gmt":"2021-08-01T07:23:08","slug":"ueber-die-mondin-meditation","status":"publish","type":"page","link":"https:\/\/mondin.innerlight-connection.ch\/index.php\/ueber-die-mondin-meditation\/","title":{"rendered":"\u00dcber die Mondin-Meditation"},"content":{"rendered":"\t\t<div data-elementor-type=\"wp-page\" data-elementor-id=\"191\" class=\"elementor elementor-191\">\n\t\t\t\t\t\t\t\t\t<section class=\"elementor-section elementor-top-section elementor-element elementor-element-e9fda4a elementor-section-full_width elementor-section-height-default elementor-section-height-default\" data-id=\"e9fda4a\" data-element_type=\"section\">\n\t\t\t\t\t\t\t<div class=\"elementor-background-overlay\"><\/div>\n\t\t\t\t\t\t\t<div class=\"elementor-container elementor-column-gap-default\">\n\t\t\t\t\t<div class=\"elementor-column elementor-col-100 elementor-top-column elementor-element elementor-element-3e4f471\" data-id=\"3e4f471\" data-element_type=\"column\">\n\t\t\t<div class=\"elementor-widget-wrap elementor-element-populated\">\n\t\t\t\t\t\t\t\t<div class=\"elementor-element elementor-element-c576a74 elementor-widget elementor-widget-spacer\" data-id=\"c576a74\" data-element_type=\"widget\" data-widget_type=\"spacer.default\">\n\t\t\t\t<div class=\"elementor-widget-container\">\n\t\t\t\t\t<div class=\"elementor-spacer\">\n\t\t\t<div class=\"elementor-spacer-inner\"><\/div>\n\t\t<\/div>\n\t\t\t\t<\/div>\n\t\t\t\t<\/div>\n\t\t\t\t<div class=\"elementor-element elementor-element-130d69b elementor-widget elementor-widget-heading\" data-id=\"130d69b\" data-element_type=\"widget\" data-widget_type=\"heading.default\">\n\t\t\t\t<div class=\"elementor-widget-container\">\n\t\t\t<h2 class=\"elementor-heading-title elementor-size-default\">Mehr \u00dcber die <br>Mondin-Meditation<br><\/h2>\t\t<\/div>\n\t\t\t\t<\/div>\n\t\t\t\t<div class=\"elementor-element elementor-element-f2ae08c elementor-widget elementor-widget-spacer\" data-id=\"f2ae08c\" data-element_type=\"widget\" data-widget_type=\"spacer.default\">\n\t\t\t\t<div class=\"elementor-widget-container\">\n\t\t\t\t\t<div class=\"elementor-spacer\">\n\t\t\t<div class=\"elementor-spacer-inner\"><\/div>\n\t\t<\/div>\n\t\t\t\t<\/div>\n\t\t\t\t<\/div>\n\t\t\t\t<section class=\"elementor-section elementor-inner-section elementor-element elementor-element-3f34b4d elementor-section-boxed elementor-section-height-default elementor-section-height-default\" data-id=\"3f34b4d\" data-element_type=\"section\">\n\t\t\t\t\t\t<div class=\"elementor-container elementor-column-gap-default\">\n\t\t\t\t\t<div class=\"elementor-column elementor-col-50 elementor-inner-column elementor-element elementor-element-f96bb8a\" data-id=\"f96bb8a\" data-element_type=\"column\" data-settings=\"{&quot;background_background&quot;:&quot;classic&quot;}\">\n\t\t\t<div class=\"elementor-widget-wrap elementor-element-populated\">\n\t\t\t\t\t<div class=\"elementor-background-overlay\"><\/div>\n\t\t\t\t\t\t\t\t<div class=\"elementor-element elementor-element-939849f elementor-widget elementor-widget-image\" data-id=\"939849f\" data-element_type=\"widget\" data-widget_type=\"image.default\">\n\t\t\t\t<div class=\"elementor-widget-container\">\n\t\t\t\t\t\t\t\t\t\t\t\t\t\t\t<img loading=\"lazy\" decoding=\"async\" width=\"1960\" height=\"2071\" src=\"https:\/\/mondin.innerlight-connection.ch\/wp-content\/uploads\/2021\/07\/20210720_213600-PNG-FINAL.png\" class=\"attachment-full size-full\" alt=\"\" srcset=\"https:\/\/mondin.innerlight-connection.ch\/wp-content\/uploads\/2021\/07\/20210720_213600-PNG-FINAL.png 1960w, https:\/\/mondin.innerlight-connection.ch\/wp-content\/uploads\/2021\/07\/20210720_213600-PNG-FINAL-284x300.png 284w, https:\/\/mondin.innerlight-connection.ch\/wp-content\/uploads\/2021\/07\/20210720_213600-PNG-FINAL-969x1024.png 969w, https:\/\/mondin.innerlight-connection.ch\/wp-content\/uploads\/2021\/07\/20210720_213600-PNG-FINAL-768x811.png 768w, https:\/\/mondin.innerlight-connection.ch\/wp-content\/uploads\/2021\/07\/20210720_213600-PNG-FINAL-1454x1536.png 1454w, https:\/\/mondin.innerlight-connection.ch\/wp-content\/uploads\/2021\/07\/20210720_213600-PNG-FINAL-1938x2048.png 1938w\" sizes=\"auto, (max-width: 1960px) 100vw, 1960px\" \/>\t\t\t\t\t\t\t\t\t\t\t\t\t\t\t<\/div>\n\t\t\t\t<\/div>\n\t\t\t\t\t<\/div>\n\t\t<\/div>\n\t\t\t\t<div class=\"elementor-column elementor-col-50 elementor-inner-column elementor-element elementor-element-a1f7b23\" data-id=\"a1f7b23\" data-element_type=\"column\" data-settings=\"{&quot;background_background&quot;:&quot;classic&quot;}\">\n\t\t\t<div class=\"elementor-widget-wrap elementor-element-populated\">\n\t\t\t\t\t<div class=\"elementor-background-overlay\"><\/div>\n\t\t\t\t\t\t\t\t<div class=\"elementor-element elementor-element-0c09285 elementor-widget elementor-widget-text-editor\" data-id=\"0c09285\" data-element_type=\"widget\" data-widget_type=\"text-editor.default\">\n\t\t\t\t<div class=\"elementor-widget-container\">\n\t\t\t\t\t\t\t<p><em>&#8220;Die Mondin unterst\u00fctzt uns, ein St\u00fcck weit mehr an den irrationalen Zustand jenseits des Denkens anzukn\u00fcpfen und zu heilen.&#8221;<\/em><strong><\/strong><\/p>\t\t\t\t\t\t<\/div>\n\t\t\t\t<\/div>\n\t\t\t\t<div class=\"elementor-element elementor-element-ffcd991 elementor-widget elementor-widget-text-editor\" data-id=\"ffcd991\" data-element_type=\"widget\" data-widget_type=\"text-editor.default\">\n\t\t\t\t<div class=\"elementor-widget-container\">\n\t\t\t\t\t\t\t<p><strong>Mehr \u00fcber die Mondin-Meditation und \u00fcber hannes findest Du nachfolgend:<br \/><\/strong><\/p>\t\t\t\t\t\t<\/div>\n\t\t\t\t<\/div>\n\t\t\t\t\t<\/div>\n\t\t<\/div>\n\t\t\t\t\t\t\t<\/div>\n\t\t<\/section>\n\t\t\t\t<div class=\"elementor-element elementor-element-6728d46 elementor-widget elementor-widget-spacer\" data-id=\"6728d46\" data-element_type=\"widget\" data-widget_type=\"spacer.default\">\n\t\t\t\t<div class=\"elementor-widget-container\">\n\t\t\t\t\t<div class=\"elementor-spacer\">\n\t\t\t<div class=\"elementor-spacer-inner\"><\/div>\n\t\t<\/div>\n\t\t\t\t<\/div>\n\t\t\t\t<\/div>\n\t\t\t\t<div class=\"elementor-element elementor-element-14b03ed elementor-widget-divider--view-line elementor-widget elementor-widget-divider\" data-id=\"14b03ed\" data-element_type=\"widget\" data-widget_type=\"divider.default\">\n\t\t\t\t<div class=\"elementor-widget-container\">\n\t\t\t\t\t<div class=\"elementor-divider\">\n\t\t\t<span class=\"elementor-divider-separator\">\n\t\t\t\t\t\t<\/span>\n\t\t<\/div>\n\t\t\t\t<\/div>\n\t\t\t\t<\/div>\n\t\t\t\t<div class=\"elementor-element elementor-element-e2955bf elementor-widget elementor-widget-spacer\" data-id=\"e2955bf\" data-element_type=\"widget\" data-widget_type=\"spacer.default\">\n\t\t\t\t<div class=\"elementor-widget-container\">\n\t\t\t\t\t<div class=\"elementor-spacer\">\n\t\t\t<div class=\"elementor-spacer-inner\"><\/div>\n\t\t<\/div>\n\t\t\t\t<\/div>\n\t\t\t\t<\/div>\n\t\t\t\t\t<\/div>\n\t\t<\/div>\n\t\t\t\t\t\t\t<\/div>\n\t\t<\/section>\n\t\t\t\t<section class=\"elementor-section elementor-top-section elementor-element elementor-element-0b8c969 elementor-section-boxed elementor-section-height-default elementor-section-height-default\" data-id=\"0b8c969\" data-element_type=\"section\">\n\t\t\t\t\t\t<div class=\"elementor-container elementor-column-gap-default\">\n\t\t\t\t\t<div class=\"elementor-column elementor-col-100 elementor-top-column elementor-element elementor-element-b4aa52f\" data-id=\"b4aa52f\" data-element_type=\"column\">\n\t\t\t<div class=\"elementor-widget-wrap elementor-element-populated\">\n\t\t\t\t\t\t\t\t<div class=\"elementor-element elementor-element-f7ddd0e elementor-widget elementor-widget-heading\" data-id=\"f7ddd0e\" data-element_type=\"widget\" data-widget_type=\"heading.default\">\n\t\t\t\t<div class=\"elementor-widget-container\">\n\t\t\t<h2 class=\"elementor-heading-title elementor-size-default\">Ablauf<\/h2>\t\t<\/div>\n\t\t\t\t<\/div>\n\t\t\t\t<div class=\"elementor-element elementor-element-5d47d39 elementor-widget elementor-widget-text-editor\" data-id=\"5d47d39\" data-element_type=\"widget\" data-widget_type=\"text-editor.default\">\n\t\t\t\t<div class=\"elementor-widget-container\">\n\t\t\t\t\t\t\t<p><span>Es gibt eine Vollmondin-Meditation und eine Neumondin-Atemmeditation und nach deiner Anmeldung erh\u00e4ltst du ca. einen Tag bevor die jeweilige Meditation beginnt, den Link und das Passwort f\u00fcr den Zugang zur Mondin-Meditation per E-Mail zugesandt. <\/span><\/p><p><span>Bei der Vollmondin-Meditation wird es eine gef\u00fchrte Meditation sowie ein Frequenzmusikst\u00fcck geben, du kannst dann entscheiden ob du nur mit der Frequenzmusik oder mit der gef\u00fchrten Mondin-Meditation meditieren m\u00f6chtest oder vielleicht ganz in Stille. Bei der Neumondin-Atemmeditation gibt es eine transformative Atemmeditation. <br \/><\/span><\/p><p><span>Au\u00dferdem erh\u00e4ltst du jeweils einen Resonanzcode, der dich zus\u00e4tzlich mit der Meditationsgruppe und der Mondin verbinden l\u00e4sst.<\/span><\/p><p>Und zus\u00e4tzlich sind wir auch in einer Telegram-Chatgruppe miteinander verbunden.<\/p><p><span>Sei dabei und lass uns gemeinsam mit der Mondin meditieren und uns mit unseren Gef\u00fchlen und unserem Herzen verbinden, um ein St\u00fcck weit mehr Balance in uns zu schaffen, dadurch schaffen wir auch mehr Balance im Au\u00dfen.<\/span><\/p><p><strong>\u00a0<\/strong><\/p>\t\t\t\t\t\t<\/div>\n\t\t\t\t<\/div>\n\t\t\t\t\t<\/div>\n\t\t<\/div>\n\t\t\t\t\t\t\t<\/div>\n\t\t<\/section>\n\t\t\t\t<section class=\"elementor-section elementor-top-section elementor-element elementor-element-ebd6468 elementor-section-boxed elementor-section-height-default elementor-section-height-default\" data-id=\"ebd6468\" data-element_type=\"section\">\n\t\t\t\t\t\t<div class=\"elementor-container elementor-column-gap-default\">\n\t\t\t\t\t<div class=\"elementor-column elementor-col-100 elementor-top-column elementor-element elementor-element-a458dc1\" data-id=\"a458dc1\" data-element_type=\"column\">\n\t\t\t<div class=\"elementor-widget-wrap elementor-element-populated\">\n\t\t\t\t\t\t\t\t<div class=\"elementor-element elementor-element-fd52bc4 elementor-widget elementor-widget-heading\" data-id=\"fd52bc4\" data-element_type=\"widget\" data-widget_type=\"heading.default\">\n\t\t\t\t<div class=\"elementor-widget-container\">\n\t\t\t<h2 class=\"elementor-heading-title elementor-size-default\">Warum Mondin und nicht Mond?<\/h2>\t\t<\/div>\n\t\t\t\t<\/div>\n\t\t\t\t<div class=\"elementor-element elementor-element-50540a4 elementor-widget elementor-widget-text-editor\" data-id=\"50540a4\" data-element_type=\"widget\" data-widget_type=\"text-editor.default\">\n\t\t\t\t<div class=\"elementor-widget-container\">\n\t\t\t\t\t\t\t<p>F\u00fcr uns ist (die Verwendung vom Wort) \u201edie Mondin\u201c die korrektere Bezeichnung, weil sie eher eine weibliche Energie repr\u00e4sentiert als eine m\u00e4nnliche. Daher benutzen wir die weibliche Form und nicht die m\u00e4nnliche. Gerade wenn die Mondin aktiv ist, sind tendenziell Dinge im Au\u00dfen und im Tun &#8211; sprich die m\u00e4nnlichen Dinge &#8211; anstrengender, dadurch werden wir eingeladen, wieder inne zu halten, in uns zu lauschen und zu f\u00fchlen was gerade pr\u00e4sent ist.<\/p>\t\t\t\t\t\t<\/div>\n\t\t\t\t<\/div>\n\t\t\t\t\t<\/div>\n\t\t<\/div>\n\t\t\t\t\t\t\t<\/div>\n\t\t<\/section>\n\t\t\t\t<section class=\"elementor-section elementor-top-section elementor-element elementor-element-e92719f elementor-section-boxed elementor-section-height-default elementor-section-height-default\" data-id=\"e92719f\" data-element_type=\"section\">\n\t\t\t\t\t\t<div class=\"elementor-container elementor-column-gap-default\">\n\t\t\t\t\t<div class=\"elementor-column elementor-col-100 elementor-top-column elementor-element elementor-element-dd3a8bf\" data-id=\"dd3a8bf\" data-element_type=\"column\">\n\t\t\t<div class=\"elementor-widget-wrap elementor-element-populated\">\n\t\t\t\t\t\t\t\t<div class=\"elementor-element elementor-element-f258e53 elementor-widget elementor-widget-heading\" data-id=\"f258e53\" data-element_type=\"widget\" data-widget_type=\"heading.default\">\n\t\t\t\t<div class=\"elementor-widget-container\">\n\t\t\t<h2 class=\"elementor-heading-title elementor-size-default\">\u00dcber die Frequenzmusik<\/h2>\t\t<\/div>\n\t\t\t\t<\/div>\n\t\t\t\t<div class=\"elementor-element elementor-element-681fe7d elementor-widget elementor-widget-text-editor\" data-id=\"681fe7d\" data-element_type=\"widget\" data-widget_type=\"text-editor.default\">\n\t\t\t\t<div class=\"elementor-widget-container\">\n\t\t\t\t\t\t\t<p><span>Die Musik ist im nat\u00fcrlichen Kammerton A-432Hz produziert worden, sie beinhaltet die Solfeggio-Frequenz 528Hz (Transformation) und Binaurale Beats mit 7,8Hz (Schumann-Frequenz), diese steht f\u00fcr Ausgleich und Harmonisierung. Die Frequenzmusik entfaltet ihre beste Wirkung, wenn man diese mit Kopfh\u00f6rern anh\u00f6rt. <\/span><\/p>\t\t\t\t\t\t<\/div>\n\t\t\t\t<\/div>\n\t\t\t\t\t<\/div>\n\t\t<\/div>\n\t\t\t\t\t\t\t<\/div>\n\t\t<\/section>\n\t\t\t\t<section class=\"elementor-section elementor-top-section elementor-element elementor-element-c98b19b elementor-section-boxed elementor-section-height-default elementor-section-height-default\" data-id=\"c98b19b\" data-element_type=\"section\">\n\t\t\t\t\t\t<div class=\"elementor-container elementor-column-gap-default\">\n\t\t\t\t\t<div class=\"elementor-column elementor-col-100 elementor-top-column elementor-element elementor-element-f14dc93\" data-id=\"f14dc93\" data-element_type=\"column\">\n\t\t\t<div class=\"elementor-widget-wrap elementor-element-populated\">\n\t\t\t\t\t\t\t\t<div class=\"elementor-element elementor-element-30aa964 elementor-widget elementor-widget-heading\" data-id=\"30aa964\" data-element_type=\"widget\" data-widget_type=\"heading.default\">\n\t\t\t\t<div class=\"elementor-widget-container\">\n\t\t\t<h2 class=\"elementor-heading-title elementor-size-default\">\u00dcber hannes<\/h2>\t\t<\/div>\n\t\t\t\t<\/div>\n\t\t\t\t<div class=\"elementor-element elementor-element-79639eb elementor-widget elementor-widget-text-editor\" data-id=\"79639eb\" data-element_type=\"widget\" data-widget_type=\"text-editor.default\">\n\t\t\t\t<div class=\"elementor-widget-container\">\n\t\t\t\t\t\t\t<p><span>Auf meiner Selbsterkenntnisreise durfte ich von ganz tief am Boden liegend mit starken Depressionen, t\u00e4glich intensiven Panikattacken, Angstzust\u00e4nden, verschiedensten S\u00fcchten, Sinnlosigkeit und vielem mehr, immer mehr herausfinden aus den Gedankenmodellen, Glaubenss\u00e4tzen, Konditionierungen und Programmierungen und dadurch hoch in die Sch\u00f6nheit und Intensit\u00e4t dieser Existenz und dieses Moments eintauchen und immer tiefer wahres F\u00fchlen erleben und bin heute am Forschen, was bedingungslose Liebe leben bedeutet. Aktive Atmen-Meditationen, gef\u00fchrte Meditation und besonders Selbstreflektion sind und waren dabei stets ein sehr wichtiger Begleiter auf meiner Reise nach innen.<br \/>Meine Leidenschaft ist es Wahrheit in jedem Bereich des Lebens zu erforschen, zu f\u00fchlen, zu leben und andere Menschen dabei zu inspirieren auch ein selbstbestimmtes, erf\u00fcllendes, authentisches und vor allem f\u00fchlendes Leben zu f\u00fchren.<br \/>Mir ist es wichtig, von vorgefertigten destruktiven Konzepten und Meinungen weg zu kommen und vielmehr die Wahrheit und Stabilit\u00e4t in sich zu finden und selbstverantwortlich nach Au\u00dfen zu leben. <\/span><span><\/span><\/p>\t\t\t\t\t\t<\/div>\n\t\t\t\t<\/div>\n\t\t\t\t\t<\/div>\n\t\t<\/div>\n\t\t\t\t\t\t\t<\/div>\n\t\t<\/section>\n\t\t\t\t<section class=\"elementor-section elementor-top-section elementor-element elementor-element-318ae7d elementor-section-boxed elementor-section-height-default elementor-section-height-default\" data-id=\"318ae7d\" data-element_type=\"section\">\n\t\t\t\t\t\t<div class=\"elementor-container elementor-column-gap-default\">\n\t\t\t\t\t<div class=\"elementor-column elementor-col-100 elementor-top-column elementor-element elementor-element-15f8943\" data-id=\"15f8943\" data-element_type=\"column\">\n\t\t\t<div class=\"elementor-widget-wrap elementor-element-populated\">\n\t\t\t\t\t\t\t\t<div class=\"elementor-element elementor-element-f83486c elementor-widget elementor-widget-heading\" data-id=\"f83486c\" data-element_type=\"widget\" data-widget_type=\"heading.default\">\n\t\t\t\t<div class=\"elementor-widget-container\">\n\t\t\t<h2 class=\"elementor-heading-title elementor-size-default\">Du bist noch nicht kostenfrei angemeldet, <br>dann hole es gerne jetzt nach:<\/h2>\t\t<\/div>\n\t\t\t\t<\/div>\n\t\t\t\t<div class=\"elementor-element elementor-element-4b4c3d7e elementor-widget elementor-widget-text-editor\" data-id=\"4b4c3d7e\" data-element_type=\"widget\" data-widget_type=\"text-editor.default\">\n\t\t\t\t<div class=\"elementor-widget-container\">\n\t\t\t\t\t\t\t<h5 style=\"text-align: center;\"><\/h5><p style=\"text-align: center;\"><p><div class=\"tnp tnp-subscription\">\n<form method=\"post\" action=\"https:\/\/mondin.innerlight-connection.ch\/?na=s\">\n\n<input type=\"hidden\" name=\"nr\" value=\"page\"><input type=\"hidden\" name=\"nlang\" value=\"\"><div class=\"tnp-field tnp-field-firstname\"><label for=\"tnp-1\">Vorname<\/label>\n<input class=\"tnp-name\" type=\"text\" name=\"nn\" id=\"tnp-1\" value=\"\"><\/div>\n<div class=\"tnp-field tnp-field-email\"><label for=\"tnp-2\">E-Mail:<\/label>\n<input class=\"tnp-email\" type=\"email\" name=\"ne\" id=\"tnp-2\" value=\"\" required><\/div>\n<div class=\"tnp-field tnp-field-button\"><input class=\"tnp-submit\" type=\"submit\" value=\"Kostenfrei anmelden!\" >\n<\/div>\n<\/form>\n<\/div>\n<\/p><\/p>\t\t\t\t\t\t<\/div>\n\t\t\t\t<\/div>\n\t\t\t\t\t<\/div>\n\t\t<\/div>\n\t\t\t\t\t\t\t<\/div>\n\t\t<\/section>\n\t\t\t\t\t\t\t<\/div>\n\t\t","protected":false},"excerpt":{"rendered":"<p>Mehr \u00dcber die Mondin-Meditation &#8220;Die Mondin unterst\u00fctzt uns, ein St\u00fcck weit mehr an den irrationalen Zustand jenseits des Denkens anzukn\u00fcpfen und zu heilen.&#8221; Mehr \u00fcber die Mondin-Meditation und \u00fcber hannes findest Du nachfolgend: Ablauf Es gibt eine Vollmondin-Meditation und eine Neumondin-Atemmeditation und nach deiner Anmeldung erh\u00e4ltst du ca. einen Tag [&hellip;]<\/p>\n","protected":false},"author":1,"featured_media":0,"parent":0,"menu_order":0,"comment_status":"closed","ping_status":"closed","template":"page-templates\/template-pagebuilder-full-width.php","meta":{"footnotes":""},"class_list":["post-191","page","type-page","status-publish","hentry"],"_links":{"self":[{"href":"https:\/\/mondin.innerlight-connection.ch\/index.php\/wp-json\/wp\/v2\/pages\/191","targetHints":{"allow":["GET"]}}],"collection":[{"href":"https:\/\/mondin.innerlight-connection.ch\/index.php\/wp-json\/wp\/v2\/pages"}],"about":[{"href":"https:\/\/mondin.innerlight-connection.ch\/index.php\/wp-json\/wp\/v2\/types\/page"}],"author":[{"embeddable":true,"href":"https:\/\/mondin.innerlight-connection.ch\/index.php\/wp-json\/wp\/v2\/users\/1"}],"replies":[{"embeddable":true,"href":"https:\/\/mondin.innerlight-connection.ch\/index.php\/wp-json\/wp\/v2\/comments?post=191"}],"version-history":[{"count":145,"href":"https:\/\/mondin.innerlight-connection.ch\/index.php\/wp-json\/wp\/v2\/pages\/191\/revisions"}],"predecessor-version":[{"id":1001,"href":"https:\/\/mondin.innerlight-connection.ch\/index.php\/wp-json\/wp\/v2\/pages\/191\/revisions\/1001"}],"wp:attachment":[{"href":"https:\/\/mondin.innerlight-connection.ch\/index.php\/wp-json\/wp\/v2\/media?parent=191"}],"curies":[{"name":"wp","href":"https:\/\/api.w.org\/{rel}","templated":true}]}}